301 - 221?
13020
In base 15, what is -2d7b - -2?
-2d79
In base 10, what is -9 + 23016?
23007
In base 3, what is 2210210 + 12?
2210222
In base 9, what is -161626 - 0?
-161626
In base 9, what is -17 - -438383?
438365
In base 13, what is -5 + 9b91b?
9b916
In base 8, what is -1 - -1567301?
1567300
In base 14, what is -4 - 61859?
-6185d
In base 11, what is -193 + -19?
-201
In base 15, what is 5d5 + 23?
608
In base 10, what is 731135 + -3?
731132
In base 12, what is -1429 - -19?
-1410
In base 16, what is -5b - -250?
1f5
In base 12, what is 23 + -10ba?
-1097
In base 12, what is -150 + -200b?
-215b
In base 12, what is -1316 - -860?
-676
In base 14, what is -3 + -1325ad?
-1325b2
In base 4, what is 11 - 10010231?
-10010220
In base 9, what is -70783 - -1?
-70782
In base 9, what is 572088 + 3?
572102
In base 5, what is 1 - 2001114?
-2001113
In base 4, what is 11101 - -21132?
32233
In base 9, what is -123 + -10802?
-11025
In base 6, what is 2 + 1250100?
1250102
In base 2, what is -10101011101001101100001 - -100?
-10101011101001101011101
In base 5, what is 2 + -1312301?
-1312244
In base 8, what is -17232 + 46?
-17164
In base 4, what is -20133 + 211?
-13322
In base 15, what is -4 - 2766?
-276a
In base 8, what is -31 - 1176?
-1227
In base 9, what is 48002 - -5?
48007
In base 3, what is 1202022112 - -11?
1202022200
In base 13, what is 251 + -b0?
171
In base 7, what is -101051 - -113?
-100635
In base 5, what is -2403141 + 10?
-2403131
In base 16, what is -2f1f - -4?
-2f1b
In base 5, what is 1341333 + -1?
1341332
In base 3, what is -201 + 2022012010?
2022011102
In base 2, what is 100 - -111000001011011?
111000001011111
In base 15, what is a13 - 328?
6da
In base 5, what is -11421 - -24?
-11342
In base 14, what is 22a - -205?
431
In base 13, what is 6b1a - -9?
6b26
In base 6, what is 12 - -225133?
225145
In base 3, what is 1112112210 + 2?
1112112212
In base 7, what is -2 - 30624?
-30626
In base 15, what is 21 + -12d?
-10c
In base 5, what is -20 - 33423331?
-33423401
In base 11, what is 2 + 48731?
48733
In base 15, what is 22c - 126?
106
In base 3, what is -10111 - -12120?
2002
In base 9, what is 3 - -484406?
484410
In base 11, what is -10 + -1aa410?
-1aa420
In base 13, what is 2880 - -1?
2881
In base 16, what is -4 + -67f5b?
-67f5f
In base 6, what is -50 + -1014041?
-1014131
In base 7, what is 440431 - 2?
440426
In base 15, what is 67b + -2e9?
382
In base 6, what is -4405320 - 3?
-4405323
In base 4, what is -2 - 2311111?
-2311113
In base 12, what is -3838 + -1?
-3839
In base 8, what is -1 - 520333?
-520334
In base 11, what is 2 + 29281a?
292821
In base 3, what is -212 - -10102100?
10101111
In base 14, what is 4 + -1260?
-125a
In base 13, what is -294 - -1063?
a9c
In base 3, what is -10222 + 1122021210?
1122010211
In base 13, what is 4b4 - 12?
4a2
In base 9, what is 1184024 - -1?
1184025
In base 11, what is -39065 + 0?
-39065
In base 6, what is -233144 + -3?
-233151
In base 11, what is 1 + -8896?
-8895
In base 4, what is -1021132131 + -3?
-1021132200
In base 16, what is -37 - 853?
-88a
In base 6, what is 233441 - 4?
233433
In base 14, what is 14 + -42a?
-416
In base 5, what is 241232 + 13?
241300
In base 15, what is -5 - 7812c?
-78132
In base 11, what is 17 + -185aa?
-18593
In base 2, what is 1100111011000 - -1010?
1100111100010
In base 11, what is -1 - 369086?
-369087
In base 7, what is -24 + 266?
242
In base 16, what is 1ae3 - -14?
1af7
In base 13, what is 5 - -3c26?
3c2b
In base 3, what is -11002101000 - 0?
-11002101000
In base 12, what is 39 - -416b?
41a8
In base 6, what is 12 + -13134?
-13122
In base 14, what is -4 + a1aa?
a1a6
In base 3, what is -221001 - 20011?
-1011012
In base 15, what is -21 - d?
-2e
In base 5, what is 124 + -3342?
-3213
In base 15, what is -1b03 + 99?
-1a59
In base 4, what is 2 + 130230?
130232
In base 10, what is -7319 - 3?
-7322
In base 15, what is 2 - -e3550?
e3552
In base 2, what is 101011 + 10100100000?
10101001011
In base 3, what is -111100222001 + 1?
-111100222000
In base 15, what is 3 - 43b96?
-43b93
In base 15, what is 13c + 130?
26c
In base 16, what is 15c23 - 1?
15c22
In base 15, what is 2 + bea96?
bea98
In base 10, what is -129 + 9592?
9463
In base 8, what is -2616 + 363?
-2233
In base 14, what is -1c1a - -192?
-1a68
In base 3, what is -201112000 - 2?
-201112002
In base 9, what is 20254 - -4?
20258
In base 9, what is -27743 - 84?
-27837
In base 8, what is 2242 - -51?
2313
In base 8, what is -1265 + 2614?
1327
In base 7, what is 326501 + 4?
326505
In base 6, what is -5340 + 20?
-5320
In base 11, what is 369 + 37?
3a5
In base 11, what is 11 + 6354?
6365
In base 15, what is -212499 + 3?
-212496
In base 5, what is 12 + -3412?
-3400
In base 12, what is -29 + 11a?
b1
In base 14, what is 562 - 36?
52a
In base 10, what is 5 + -137776?
-137771
In base 7, what is -1 + 1304656?
1304655
In base 4, what is -22021011 + -23?
-22021100
In base 2, what is 10100011101 - -11010?
10100110111
In base 16, what is -131 + 63?
-ce
In base 9, what is 2604 - 18?
2575
In base 6, what is -1324321 + 4?
-1324313
In base 14, what is 285 + 33?
2b8
In base 4, what is -11 + -20203321?
-20203332
In base 10, what is -5532 - -3?
-5529
In base 15, what is 1dd1 + -2b?
1da5
In base 9, what is 134764 - 2?
134762
In base 12, what is 41 + 795?
816
In base 13, what is 55 + -122a3?
-1224b
In base 3, what is -11 + -1010201012100?
-1010201012111
In base 8, what is -1145 + 0?
-1145
In base 8, what is 1250630 - -2?
1250632
In base 9, what is -6014 + -312?
-6326
In base 8, what is -105 - -7075?
6770
In base 12, what is -10b + 957?
848
In base 5, what is -2 + -21041013?
-21041020
In base 12, what is 485b3 + -5?
485aa
In base 7, what is 314232 + -5?
314224
In base 7, what is 11 + -1446134?
-1446123
In base 6, what is -14 - 31200?
-31214
In base 12, what is 44337 - -1b?
44356
In base 13, what is 1a79 - 75?
1a04
In base 15, what is -253e - -1d?
-2521
In base 12, what is 57b95 + -3?
57b92
In base 5, what is 34412033 - -1?
34412034
In base 15, what is 741 - -120?
861
In base 15, what is -1 - 4ab3?
-4ab4
In base 3, what is -110120 + 1021102?
210212
In base 10, what is 88894 - -6?
88900
In base 14, what is 7 + -78c55?
-78c4c
In base 8, what is -1636271 + -3?
-1636274
In base 8, what is 5 + -41333?
-41326
In base 7, what is -3343213 + 2?
-3343211
In base 3, what is 11 + -101112001112?
-101112001101
In base 15, what is -4b + -72?
-bd
In base 12, what is -24 + -5966?
-598a
In base 12, what is 34602 - 1?
34601
In base 6, what is 3 - 1243434?
-1243431
In base 5, what is 24003 - 1?
24002
In base 16, what is 40e + -17?
3f7
In base 7, what is -50601 + 40?
-50531
In base 13, what is -1a - 21885?
-218a2
In base 13, what is -6 + -12100?
-12106
In base 14, what is 66c01a - 2?
66c018
In base 13, what is -137974 - -3?
-137971
In base 14, what is -b8 - 3d7?
-4b1
In base 15, what is -807 - 14?
-81b
In base 10, what is -39 + -1782?
-1821
In base 12, what is 9 + -3071?
-3064
In base 16, what is -2fac + 6?
-2fa6
In base 15, what is 790c5 - a?
790ba
In base 15, what is -c - -ed?
e1
In base 15, what is -143b + -6?
-1442
In base 6, what is 2045 - 2410?
-321
In base 3, what is -12 - -111022220202?
111022220120
In base 4, what is 103133 + -10?
103123
In base 2, what is -1 + -10001101111010111?
-10001101111011000
In base 8, what is -1 - -7074?
7073
In base 13, what is -6cca + 11?
-6cb9
In base 11, what is -8 - 36159?
-36166
In base 9, what is 2158 + 203?
2362
In base 13, what is -1c696 - -2?
-1c694
In base 14, what is -7c + 3cc?
350
In base 13, what is 1b + 198?
1b6
In base 5, what is -243432321 + 1?
-243432320
In base 12, what is 2 + -74189?
-74187
In base 8, what is 1 + 730245?
730246
In base 4, what is -312210 + 232?
-311312
In base 3, what is 1011 - -1102122220?
1102201001
In base 15, what is -b4b1 + 0?
-b4b1
In base 6, what is -22 + 240?
214
In base 9, what is 13 - 5431?
-5417
In base 2, what is -1010101 - -1001?
-1001100
In base 8, what is -104670 + -22?
-104712
In base 11, what is -29 - 493?
-511
In base 13, what is 3 - -1a1c?
1a22
In base 14, what is 5 + -b3738?
-b3733
In base 8, what is -1136 - 11326?
-12464
In base 4, what is 20 - 1203311?
-1203231
In base 3, what is 11210 + -111220?
-100010
In base 11, what is a9 - -65?
163
In base 6, what is -5241525 - -5?
-5241520
In base 4, what is -1212220